hat is the hundreds digit of g?
2
Suppose -4*c + 7 = c - 3*a, c = a + 1. Let n(j) = -6*j + 5. Let p(s) = s**2 - 25*s + 21. Let b(f) = -9*n(f) + 2*p(f). What is the units digit of b(c)?
3
Suppose -5 = -x, -2*x = 3*o - 117 - 10. What is the units digit of o?
9
Let s(n) = n**2 - n + 1. Let p(j) = j**2 - j - 2. Let v be p(2). What is the units digit of s(v)?
1
Let c(g) = 11*g**3 + 10*g**2 - 7*g - 19. Let w(t) = -4*t**3 - 3*t**2 + 2*t + 6. Let i(b) = 3*c(b) + 8*w(b). What is the units digit of i(-6)?
1
Let b(d) = -5*d**3 + 2*d**2 + d. Let r be b(-1). Let o(l) = 2*l**2 - 5*l - 1. Let z be o(5). Suppose 4*q = r*q - z. What is the units digit of q?
2
Let t(x) = 6*x**2 - 2*x + 1. Let u be t(1). Let j be (6/(-3) - -4) + -5. Let n = j + u. What is the units digit of n?
2
Suppose 2*o + 3*o = -5. What is the units digit of (-7)/(-2)*-2*o?
7
Let c = 232 + -82. What is the hundreds digit of c?
1
Let g(t) = t**3 - 14*t**2 + 17*t - 7. What is the tens digit of g(13)?
4
What is the tens digit of (-890)/(-25) - 4/(-10)?
3
Let n be 1/4 + 207/4. What is the units digit of 301/13 - 8/n?
3
Let j = 1 + 3. Suppose -4*h = -j*i + 16, -4*h - 6 = -i + 7. Suppose -4*o + 3 = -3*v + i, 2*v - 3*o = -2. What is the units digit of v?
2
Let i(u) = 0 - 3*u - 1 + 3 + 1. What is the units digit of i(-6)?
1
Suppose -p - 55 = -3*f, 2*f + 47 = 5*f + p. What is the units digit of f?
7
Let r(j) = 70*j - 7. What is the tens digit of r(1)?
6
Suppose 0*l + 2*l = 4*v + 6, -4*v = 4*l - 72. Let f = l + -6. What is the units digit of f?
7
Let f(c) = c**3 + 3*c**2 + 2*c. Let l be f(-2). Suppose l = -g + w - 1, 4*w - 5 = -3*g - w. Suppose g*j = j - 14. What is the units digit of j?
4
Let s(u) = u + 14. Let i(j) = -1. Let n(a) = i(a) + s(a). What is the units digit of n(-12)?
1
Suppose 52 - 217 = -5*d. What is the tens digit of d?
3
Suppose -3*l + 2*l = h - 12, -2*h = -2*l + 12. Suppose l*n - 10 = 7*n. What is the units digit of n?
5
Let z(v) = -v - 10. Let x(o) = -o - 9. Let f be ((-10)/(-3))/(6/9). Let y(a) = f*z(a) - 6*x(a). What is the units digit of y(0)?
4
Suppose -5*f = 4*f - 1008. What is the hundreds digit of f?
1
Suppose -32 = 5*p - 2. Let c = p - -12. Let b = c - -5. What is the tens digit of b?
1
Let m = 152 - 128. What is the tens digit of m?
2
Let z(p) = -p**2 - 7*p + 3. Let t be z(-7). Suppose t*b + b = 104. What is the units digit of b?
6
Let f(s) = 4*s - 7. What is the units digit of f(10)?
3
Suppose -3*o = 3*k - 567, 3*k - 543 = -0*k + 5*o. What is the units digit of k?
6
Let m be -1*(14 + -1) - -1. Let r(h) = h**2 + 12*h + 13. What is the units digit of r(m)?
3
Suppose -r = -0*i + 2*i - 10, -3*r = 4*i - 26. Let y(a) = a**3 - 5*a**2 - 4*a + 7. What is the units digit of y(r)?
9
Let n = -13 - -49. What is the units digit of n?
6
Let j(t) = t**3 + 3*t**2 - 5*t. Let k be j(-4). Suppose x + 3*g + k = 0, 4*g = x - 3 - 28. What is the tens digit of x?
1
Let q = -26 + 65. What is the units digit of q?
9
Suppose b = -2 - 2. Let a = b - -1. What is the tens digit of (a + -3)/(-2) + 8?
1
Let t = 6 + -2. Suppose -5 = -t*l - 1. What is the units digit of l?
1
Let u(n) = -7*n**2 - 11*n + 9*n**2 + 5 + 9. What is the units digit of u(7)?
5
What is the tens digit of (-10)/((12/8)/(42/(-8)))?
3
Let k = -4 - -52. What is the tens digit of k?
4
Let p(m) be the third derivative of m**6/120 + 7*m**5/60 + m**4/4 + m**3 - 3*m**2. Let y be p(-6). Suppose x + 0 = y. What is the units digit of x?
6
Let a(u) = -u**3 + u**2 + u + 6. Let q be a(0). Suppose -11 = -t - 3*b, t - b + 41 = q*t. What is the units digit of t?
8
Let i(d) = -d**3 - d + 12. Let u(q) = q**3 + 3*q**2 - 4*q - 3. Let s be u(-4). Let v = -3 - s. What is the units digit of i(v)?
2
Let v(k) = -2 - k + 2 - 2*k - 1. What is the tens digit of v(-4)?
1
Let p = 896 + -586. What is the tens digit of p?
1
Let v be (-3)/(8/14 + -1). Let c(t) = t**2 - 5*t - 8. Let j be c(v). What is the units digit of 1/(-2) - (-39)/j?
6
What is the hundreds digit of ((-505)/10)/(2/(-16)*2)?
2
Suppose -2*n - 10 - 12 = 0. What is the units digit of (3 + n/2)*-2?
5
Let w = -39 - -132. What is the units digit of w?
3
Let v(x) = x**3 - x**2 - 2*x - 1. Let y be v(2). Let w = y - -3. What is the units digit of 1 + 0 + 4*w?
9
Let p(n) = n - 10. What is the units digit of p(13)?
3
Let g(l) = 2*l + 4 - 4 + 3 - 5. Let i be g(8). What is the units digit of i*(0 + (-3)/(-6))?
7
Let r be -5*(-3 - 13/(-5)). What is the units digit of ((-5)/(-2))/(r/4)?
5
Let k = 15 + 7. Let h be 1*1*k - 1. Suppose -h = -0*d - 3*d. What is the units digit of d?
7
Let m be (-166)/6 + 4/6. Suppose 16 = -4*h, -c = -0*c - 5*h - 8. Let n = c - m. What is the units digit of n?
5
What is the units digit of (0 - 3)*(22/(-6) - -1)?
8
Suppose 0 = -j - 2 + 6. Suppose 0 = j*k - 16, -3*o = -0*o - 5*k - 49. What is the units digit of o?
3
Suppose 0 = 17*h - 4196 - 530. What is the tens digit of h?
7
Let z be (-2 - 1 - 4) + -1. Let i(q) = q + 7. Let m be i(z). What is the tens digit of m/((-1 + -2)/33)?
1
Let w(q) = -5*q - 22. What is the units digit of w(-5)?
3
Suppose -4*i + 279 = 3*s, s = -0*i - 2*i + 141. Let m be 2/(i/(-38) - -2). Suppose -m = 4*a - 67. What is the tens digit of a?
1
Let s(z) = -4*z + 6*z + 2*z + 4*z. What is the units digit of s(1)?
8
Suppose 3*k - 407 + 29 = 0. What is the units digit of k?
6
Suppose -d + 4 + 40 = 0. What is the units digit of d?
4
Let f be (-25)/(-10) - (-1)/(-2). Let t be f/(0 - (-6)/27). Suppose -4*k + 5*j + 29 = 0, 0*k + 2*k = -3*j + t. What is the units digit of k?
6
Let u(w) = 3*w**2 - w. Let a be u(1). Let p = -1 - -2. What is the units digit of 3 - 1*a/p?
1
Suppose -2*q = -4*q. Suppose -3*p + 2*u = -25, -p - u + 2*u + 10 = q. What is the units digit of p?
5
Suppose -6*q + 220 = -320. What is the units digit of q?
0
Let r(i) = -i**3 + 9. What is the units digit of r(0)?
9
Suppose -5*m = 3*n - 28 - 18, -3*n = m - 14. Suppose -2*g - 3*g = -2*b + m, -3*b - 13 = 5*g. Let y = g - -6. What is the units digit of y?
4
Suppose 8*b + 0*b - 1432 = 0. What is the tens digit of b?
7
Suppose 2 = -2*o + 4, 5*s = -o - 2579. What is the units digit of ((-2)/(-6))/((-4)/s)?
3
Let o be 2/(-3) + (-11)/33. Let m = o - -31. What is the tens digit of m?
3
Let w(z) = -z**3 + 5*z**2 - 5*z + 3. Let i be w(4). What is the units digit of 0 - -2*i/(-2)?
1
Let j = -60 + 101. Suppose 2*u - 9 - j = 0. What is the tens digit of u?
2
Suppose -318 = -5*v - 0*y + 2*y, v + 2*y - 66 = 0. What is the tens digit of v?
6
Let p(n) be the first derivative of -n**4/4 + 8*n**3/3 - 7*n**2/2 + 7*n - 1. Let g be 94/14 - 2/(-7). What is the units digit of p(g)?
7
Let r(s) = -5*s - 9. Let a(u) = -u. Let h(i) = 4*a(i) - r(i). Let p be h(-7). Suppose 2*l + 5*t - 27 = 0, -4*l = l - p*t - 53. What is the units digit of l?
1
Let o be (-6)/(-4) + 12/8. What is the tens digit of 2 + 12 + o + -6?
1
Let m(v) = 7*v - 3. Let z(b) be the second derivative of 14*b**3/3 - 6*b**2 - 2*b. Let t(l) = 9*m(l) - 2*z(l). What is the tens digit of t(2)?
1
Let v(w) = -3*w + 4 + 2*w + 4*w - 4*w. What is the tens digit of v(-8)?
1
Suppose -2*l + 41 = -f, f + f + 59 = 3*l. What is the units digit of l?
3
Let o = 18 + -7. What is the units digit of o?
1
Let w be 9*(0 - (0 - -1)). Let k = w + 12. What is the units digit of k?
3
Suppose 2*x - 25 = -5*z, -z - 4*x + 5 = -6*z. Let a be (2 + 0)*(-2 - -4). Suppose -n - 54 = -a*i, -z*i + 5 = -n - 36. What is the tens digit of i?
1
Let d = 27 + 45. What is the units digit of d?
2
Suppose i = -2*i. Let w(u) = -2*u + 5. What is the units digit of w(i)?
5
Let n be (-13)/3 - (-2)/(-3). Let l = n + 12. What is the units digit of l?
7
Suppose -2*x - 27 = -5*x. What is the tens digit of (60/x)/(4/6)?
1
Let c be (6/(-7))/(26/182). Let y(g) = -2*g - 2. Let p be y(5). What is the units digit of ((-15)/c + -3)*p?
6
Suppose 0 = 3*z - 68 - 7. What is the units digit of z?
5
Let a be ((-60)/(-16))/(9/24). Let t = -10 + a. Suppose 3*p - 5*p = -q, -2*p + 5*q - 8 = t. What is the units digit of p?
1
Let x(p) = 4*p - 3. Let n = -17 - -22. What is the units digit of x(n)?
7
Suppose -3*o = -50 - 145. What is the units digit of o?
5
Let p be (-1 - (0 + -3)) + 0. Suppose -p*l + 21 = -2*a + 3, 5*l = -4*a + 18. What is the units digit of (l/(-9))/((-2)/24)?
8
Let h(v) = 6*v**2 - v + 1. Let w be h(-2). Suppose l = 5*x +